d(s) = -s**3 + 33*s - 1. What is d(6)?
-19
Let k(a) = 13*a**2 + 57*a - 15. Determine k(-7).
223
Let h(y) = y**3 - 45*y**2 + 90*y - 266. What is h(43)?
-94
Let o(y) = -758*y - 1523. What is o(-2)?
-7
Let z(q) = q**3 - 64*q**2 + 665*q - 118. Give z(51).
-16
Let n(h) = -285*h**2 + 2284*h - 22. What is n(8)?
10
Let d(j) = -107*j - 586. What is d(-5)?
-51
Let d(n) = 2*n + 47. Determine d(-8).
31
Let s(o) = o**3 + 3*o**2 - 110*o - 668. Determine s(-7).
-94
Let a(w) = 2*w**2 - 32*w + 47. Give a(7).
-79
Let o(k) = -4*k + 111. Determine o(-10).
151
Let q(d) = -11*d**2 - 27*d + 3. Calculate q(-2).
13
Let y(p) = -2*p**2 + 44*p + 20. Give y(14).
244
Let q(c) = 81*c - 4257. Determine q(54).
117
Let o(n) = -n**3 + 25*n**2 + 57*n - 64. What is o(27)?
17
Let t(j) = -j**2 - 19*j + 435. Give t(-30).
105
Let a(o) = 68*o - 329. Determine a(5).
11
Let z(r) = -57*r**2 - 12027*r - 7. Calculate z(-211).
-7
Let c(a) = 385*a + 1542. Determine c(-4).
2
Let r(m) = m**3 + 37*m**2 - 2342*m - 83097. Give r(-34).
-1
Let a(y) = 2*y**2 + 98*y + 577. Determine a(-6).
61
Let c(j) = 12*j + 44. Calculate c(-5).
-16
Let g(d) = -228*d - 3490. Give g(-15).
-70
Let q(z) = 26*z + 729. Give q(-38).
-259
Let m(i) = 63*i**2 + 136*i + 2. What is m(-2)?
-18
Let p(n) = n**3 + 10*n**2 + 16*n + 76. Give p(-10).
-84
Let r(v) = -44*v**2 - 1185*v + 59. Determine r(-27).
-22
Let h(n) = -n**3 - 14*n**2 - 22*n - 88. Give h(-13).
29
Let v(m) = -49*m - 44. Calculate v(-3).
103
Let r(o) = -o**3 - o**2 + 26*o - 61. What is r(3)?
-19
Let m(h) = h**3 + 12*h**2 - 114*h + 153. Determine m(5).
8
Let p(s) = -30*s + 262. Calculate p(20).
-338
Let r(q) = 67*q - 573. What is r(8)?
-37
Let o(x) = -22*x + 67. Calculate o(-6).
199
Let t(j) = j**2 - 28*j + 194. Calculate t(14).
-2
Let k(z) = -7*z**3 + 15*z**2 + 26*z - 10. Calculate k(-2).
54
Let c(p) = -88*p**2 + 2. Give c(-1).
-86
Let g(y) = 139*y - 708. Determine g(5).
-13
Let q(z) = 22*z - 124. Give q(9).
74
Let v(r) = -53*r - 408. Give v(-8).
16
Let l(m) = m**3 + 2*m**2 - 299*m - 885. Determine l(-3).
3
Let z(g) = -4*g**2 + 27*g + 41. What is z(8)?
1
Let y(j) = -2*j**3 + 5*j**2 + 40*j + 12. Calculate y(6).
0
Let p(z) = -2*z**3 + 6*z**2 + 5*z - 7. Determine p(4).
-19
Let j(l) = 7*l**2 + 162*l + 459. Calculate j(-3).
36
Let q(y) = -y**3 - 47*y**2 + 204*y + 11. Determine q(-51).
11
Let n(m) = -m**3 + 9*m**2 + 49. Determine n(8).
113
Let k(o) = -o**3 - 7*o**2 - 21*o - 27. Calculate k(-6).
63
Let i(u) = -u**3 + 35*u**2 - 228*u - 933. Determine i(14).
-9
Let z(h) = 221*h + 10818. Calculate z(-49).
-11
Let t(g) = -9*g - 43. What is t(-4)?
-7
Let l(f) = -f**2 - 65*f + 10049. What is l(-138)?
-25
Let v(n) = -n**2 - 22*n - 17. Calculate v(-15).
88
Let f(q) = -2*q**2 + 555*q - 14842. What is f(30)?
8
Let d(c) = -5*c**2 + 18*c - 28. Give d(6).
-100
Let k(m) = 2*m**3 - 50*m**2 + 4*m - 57. Calculate k(25).
43
Let h(d) = -6*d**2 + 45*d - 80. Calculate h(3).
1
Let g(s) = 4*s**2 - 51*s + 88. Give g(9).
-47
Let k(m) = 2*m**3 - 25*m**2 + 22*m - 77. What is k(12)?
43
Let y(n) = 6*n**2 - 42*n - 44. What is y(8)?
4
Let n(q) = q**3 + 16*q**2 + 45*q - 11. Give n(-11).
99
Let i(o) = -o**3 - 92*o**2 + 1487*o + 325. What is i(-106)?
7
Let c(z) = z**3 + 17*z**2 + 67*z - 61. Calculate c(-10).
-31
Let s(d) = -2*d**3 + 7*d**2 + 22*d - 8. Calculate s(5).
27
Let x(q) = q**3 - 46*q**2 + 300*q + 17. Determine x(8).
-15
Let v(q) = 6*q**2 - 23*q + 2. Calculate v(6).
80
Let m(o) = o**3 + 11*o**2 + 132*o + 1445. What is m(-11)?
-7
Let b(x) = -50*x - 1183. Calculate b(-25).
67
Let w(c) = -3*c**2 + c + 45. Determine w(7).
-95
Let u(q) = 30*q + 42. Calculate u(-1).
12
Let m(u) = -34*u - 76. What is m(-5)?
94
Let n(q) = -2*q**2 + 37*q + 6. Give n(19).
-13
Let l(j) = -11*j**3 - 70*j**2 + 36*j - 85. Determine l(-7).
6
Let g(i) = 14*i - 122. Give g(5).
-52
Let b(n) = n**3 - 45*n**2 + 39*n + 214. Give b(44).
-6
Let l(x) = 3*x**2 - 79*x + 521. Determine l(14).
3
Let d(o) = 14*o - 198. Give d(10).
-58
Let j(y) = 9*y**2 - 433*y + 474. Give j(47).
4
Let h(z) = -4*z + 212. Calculate h(50).
12
Let o(n) = -258*n - 221. What is o(-1)?
37
Let p(q) = -q**3 - 49*q**2 - 44*q + 171. Determine p(-48).
-21
Let r(d) = -14*d**2 - 11*d + 21. Determine r(-6).
-417
Let w(z) = -2*z**2 + 352*z - 1723. Calculate w(5).
-13
Let w(d) = 7*d**3 - d**2 - 8*d + 20. Determine w(0).
20
Let z(m) = m**2 + 25*m - 32. Calculate z(-24).
-56
Let x(k) = k**3 + 55*k**2 + 167*k + 3231. Give x(-53).
-2
Let f(m) = -m**2 - 48*m + 59. Determine f(-49).
10
Let s(m) = -m**2 - 31*m - 69. Calculate s(-23).
115
Let s(d) = -31*d**2 - 3*d - 5. Give s(-2).
-123
Let f(o) = -39*o + 1519. Calculate f(39).
-2
Let a(k) = -2*k**3 - 7*k**2 - 29*k - 49. Give a(-2).
-3
Let h(o) = -2*o**3 + 97*o**2 + 598*o - 193. Calculate h(54).
23
Let h(m) = -3499*m - 178449. Determine h(-51).
0
Let c(y) = -1015*y - 9128. Calculate c(-9).
7
Let l(n) = 442*n - 7055. What is l(16)?
17
Let s(x) = -222*x + 1734. Give s(4).
846
Let o(h) = -h**3 + 9*h**2 + 21*h + 12. Determine o(11).
1
Let f(h) = 22*h + 756. Give f(-34).
8
Let t(z) = -2*z**3 + 4*z**2 + 13*z + 2. Determine t(-3).
53
Let v(z) = 2*z**2 - 31*z + 75. Calculate v(6).
-39
Let u(m) = 99*m**2 + 1183*m + 52. Determine u(-12).
112
Let i(y) = -y**3 + 86*y**2 - 252*y + 135. What is i(83)?
-114
Let y(j) = -2293*j - 87141. Determine y(-38).
-7
Let a(t) = 1503*t - 6017. Calculate a(4).
-5
Let b(l) = -6*l**2 + 139*l - 158. Determine b(22).
-4
Let r(s) = -2*s**3 - 119*s**2 - 39*s + 1193. What is r(-59)?
13
Let m(q) = -41*q + 294. Give m(8).
-34
Let j(w) = w**3 - 1226*w - 38. Determine j(-35).
-3
Let c(x) = -3*x**3 - 16*x**2 + 14*x + 28. What is c(-7)?
175
Let h(r) = -1331*r - 53240. What is h(-40)?
0
Let z(p) = 16*p + 118. Calculate z(-6).
22
Let j(o) = 3*o**2 + 222*o + 854. Determine j(-4).
14
Let m(g) = -g**2 + 18*g - 198. What is m(0)?
-198
Let k(u) = 4597*u - 59770. Give k(13).
-9
Let o(q) = 2*q**3 + 2*q**2 + 36*q - 78. Calculate o(2).
18
Let k(o) = -o**3 + 140*o**2 - 135*o - 556. Give k(139).
0
Let f(a) = -83*a - 318. Give f(-4).
14
Let d(n) = -4460*n + 84727. Give d(19).
-13
Let t(x) = x**2 - 347*x + 24545. Determine t(99).
-7
Let f(a) = 2*a**3 - 38*a**2 + 186. Calculate f(18).
-462
Let o(h) = -3*h**3 - 48*h**2 + 20*h - 21. Calculate o(-16).
-341
Let k(r) = -52*r + 778. What is k(15)?
-2
Let x(s) = -8*s**2 + 75*s + 49. What is x(10)?
-1
Let d(f) = -22*f + 225. What is d(9)?
27
Let b(l) = l**2 + 124*l + 848. Give b(-7).
29
Let p(o) = -3*o**2 - 23*o + 13. Calculate p(0).
13
Let a(q) = -12*q**2 - 153*q - 398. What is a(-9)?
7
Let d(f) = f**3 + 41*f**2 + 129*f + 1990. Give d(-39).
1
Let x(u) = u**2 - 309*u + 5625. Determine x(19).
115
Let f(s) = -2*s**2 + 118*s + 2411. Determine f(75).
11
Let b(v) = -3*v**2 + 137*v - 564. Give b(41).
10
Let n(q) = -85*q + 47. What is n(0)?
47
Let x(i) = -969*i + 13. What is x(0)?
13
Let h(u) = 172*u**2 + 1364*u - 107. Determine h(-8).
-11
Let d(m) = -m**2 - 291*m - 14867. What is d(-66)?
-17
Let i(p) = 4*p**3 - 87*p**2 - 14*p - 134. What is i(22)?
42
Let w(g) = -68*g + 291. Give w(3).
87
Let o(d) = d**3 - 87*d**2 + 836*d - 2. Give o(76).
-2
Let l(a) = 2*a**3 + 35*a**2 - 83*a - 1702. Determine l(-17).
-2
Let a(l) = -l**3 + 26*l**2 - 109*l - 816. Determine a(14).
10
Let a(o) = 5*o**2 + 432*o + 162. What is a(-86)?
-10
Let g(i) = 58*i + 2198. Calculate g(-38).
-6
Let p(s) = 26*s + 2802. Determine p(-108).
-6
Let n(x) = 36*x - 2175. Calculate n(55).
-195
Let z(f) = -101*f + 2229. What is z(22)?
7
Let i(t) = 135*t + 11. Determine i(2).
281
Let b(p) = 2*p**2 + 29*p - 9. What is b(-19)?
162
Let k(t) = 11*t**2 + 573*t + 1152. Give k(-50).
2
Let p(s) = -11*s + 218. What is p(16)?
42
Let m(k) = -2*k**3 - 10*k**2 + 36*k - 20. Determine m(-8).
76
Let z(c) = -c**3 - 41*c**2 - 28*c + 485. What is z(-40)?
5
Let b(o) = -463*o - 2314. Determine b(-5).
1
Let b(h) = h**2 - 284*h + 1654. What is b(6)?
-14
Let z(n) = n**3 + 283*n**2 + 5742*n - 2. Determine z(-261).
-2
Let i(v) = -20*v**2 - 8*v - 2. Calculate i(-1).
-14
Let v(n) = 17*n + 587. Determine v(-34).
9
Let u(a) = -11*a**2 - 65*a - 526. Determine u(-6).
-532
Let v(a) = a**2 + 13*a + 59. Determine v(9).
257
Let f(i) = 51*i**2 + i + 1. Calculate f(-1).
51
Let i(f) = 5*f + 125. What is i(-24)?
5
Let l(y) = -y**2 - 13*y + 426. Calculate l(-28).
6
Let s(a) = -3*a**3 + 